der when 26161149 is divided by 26161131?
18
What is the remainder when 946944 is divided by 55702?
10
What is the remainder when 55935 is divided by 20077?
15781
What is the remainder when 10627038 is divided by 3542320?
78
Calculate the remainder when 141511 is divided by 28280.
111
What is the remainder when 5179 is divided by 1397?
988
Calculate the remainder when 10494724 is divided by 807286.
6
Calculate the remainder when 2837766 is divided by 373.
355
What is the remainder when 101052 is divided by 1776?
1596
What is the remainder when 100697563 is divided by 1579?
1575
What is the remainder when 67858867 is divided by 505?
502
Calculate the remainder when 2284791 is divided by 103852.
47
What is the remainder when 1662703 is divided by 2722?
2283
Calculate the remainder when 449821368 is divided by 11011.
11007
Calculate the remainder when 201335 is divided by 4560.
695
Calculate the remainder when 1657511 is divided by 2161.
24
What is the remainder when 15515 is divided by 3798?
323
What is the remainder when 881310 is divided by 4216?
166
Calculate the remainder when 995565 is divided by 110611.
66
What is the remainder when 2254466 is divided by 440?
346
What is the remainder when 1287964 is divided by 343?
342
Calculate the remainder when 3180876 is divided by 11609.
10
Calculate the remainder when 107187137 is divided by 2775.
2762
Calculate the remainder when 192871 is divided by 2803.
2267
What is the remainder when 35610 is divided by 6971?
755
What is the remainder when 1723151 is divided by 47864?
47
What is the remainder when 833185 is divided by 33085?
6060
What is the remainder when 2361601 is divided by 416?
385
Calculate the remainder when 190367 is divided by 16759.
6018
What is the remainder when 2577037 is divided by 26844?
13
What is the remainder when 68901103 is divided by 1911?
1909
Calculate the remainder when 74843 is divided by 74821.
22
Calculate the remainder when 779448 is divided by 554.
524
What is the remainder when 8037173 is divided by 14?
11
What is the remainder when 36867740 is divided by 601?
597
Calculate the remainder when 2471523 is divided by 16260.
3
Calculate the remainder when 1015405 is divided by 11967.
10177
What is the remainder when 6580 is divided by 548?
4
Calculate the remainder when 589544 is divided by 294772.
0
Calculate the remainder when 3861527 is divided by 351040.
87
Calculate the remainder when 36323 is divided by 11377.
2192
Calculate the remainder when 499962 is divided by 166652.
6
Calculate the remainder when 45008709 is divided by 133.
46
What is the remainder when 874260 is divided by 2075?
685
Calculate the remainder when 501552959 is divided by 5255.
5249
What is the remainder when 1271946 is divided by 818?
774
What is the remainder when 1030912 is divided by 1897?
841
Calculate the remainder when 103114 is divided by 6438.
106
What is the remainder when 322054 is divided by 161?
54
Calculate the remainder when 381079 is divided by 381052.
27
Calculate the remainder when 5451619 is divided by 6498.
6295
Calculate the remainder when 270861 is divided by 67672.
173
Calculate the remainder when 956992 is divided by 3148.
0
Calculate the remainder when 816989 is divided by 408206.
577
What is the remainder when 4460975 is divided by 2230479?
17
What is the remainder when 332002 is divided by 289?
230
What is the remainder when 1867152 is divided by 933560?
32
What is the remainder when 1606478 is divided by 160622?
258
What is the remainder when 887814 is divided by 1017?
990
Calculate the remainder when 2479751 is divided by 4283.
4177
What is the remainder when 213014967 is divided by 210?
207
Calculate the remainder when 26369152 is divided by 753401.
117
What is the remainder when 381005746 is divided by 124?
122
What is the remainder when 1591510 is divided by 295?
280
Calculate the remainder when 36764 is divided by 12203.
155
What is the remainder when 74832 is divided by 74423?
409
Calculate the remainder when 17895187 is divided by 3116.
3115
Calculate the remainder when 24632 is divided by 3486.
230
Calculate the remainder when 5034508 is divided by 78.
76
Calculate the remainder when 115682 is divided by 1836.
14
What is the remainder when 251710 is divided by 10438?
1198
What is the remainder when 232224 is divided by 13604?
956
Calculate the remainder when 109454261 is divided by 231.
224
Calculate the remainder when 1245898 is divided by 88.
82
Calculate the remainder when 279286 is divided by 4428.
322
Calculate the remainder when 151764794 is divided by 2538.
8
What is the remainder when 136331 is divided by 2313?
2177
What is the remainder when 9015011 is divided by 2253722?
123
Calculate the remainder when 1782845 is divided by 716.
5
Calculate the remainder when 40172840 is divided by 143.
136
What is the remainder when 1056066 is divided by 211188?
126
What is the remainder when 13806126 is divided by 305?
301
Calculate the remainder when 5044402 is divided by 6361.
129
Calculate the remainder when 4817113 is divided by 391.
384
What is the remainder when 147497 is divided by 267?
113
Calculate the remainder when 3624362 is divided by 2434.
136
Calculate the remainder when 3524990 is divided by 2873.
2692
What is the remainder when 1114150 is divided by 92844?
22
What is the remainder when 12236 is divided by 441?
329
Calculate the remainder when 546597 is divided by 1021.
362
What is the remainder when 254316188 is divided by 1326?
1322
What is the remainder when 185783 is divided by 4642?
103
Calculate the remainder when 32849 is divided by 485.
354
What is the remainder when 670032 is divided by 294?
6
What is the remainder when 5820 is divided by 938?
192
Calculate the remainder when 220856 is divided by 55166.
192
What is the remainder when 78761 is divided by 1749?
56
Calculate the remainder when 1468842 is divided by 78.
24
Calculate the remainder when 77422093 is divided by 8602454.
7
Calculate the remainder when 217603 is divided by 1961.
1893
What is the remainder when 11613349 is divided by 25?
24
Calculate the remainder when 1279888 is divided by 1279407.
481
Calculate the remainder when 70759242 is divided by 23586411.
9
Calculate the remainder when 7494436 is divided by 21.
19
Calculate the remainder when 51503 is divided by 4614.
749
What is the remainder when 1351155 is divided by 5316?
891
Calculate the remainder when 29976 is divided by 4984.
72
What is the remainder when 10941386 is divided by 7304?
7298
What is the remainder when 3576243 is divided by 1854?
1731
Calculate the remainder when 116395 is divided by 49.
20
What is the remainder when 285749637 is divided by 4020?
4017
What is the remainder when 127024691 is divided by 4885565?
1
Calculate the remainder when 1885472 is divided by 343.
1
What is the remainder when 3834565 is divided by 7446?
7321
Calculate the remainder when 55950387 is divided by 163.
148
Calculate the remainder when 259812 is divided by 253.
234
Calculate the remainder when 48941 is divided by 2438.
181
What is the remainder when 33728371 is divided by 98?
5
Calculate the remainder when 434902 is divided by 2794.
1832
What is the remainder when 1736 is divided by 177?
143
Calculate the remainder when 10838546 is divided by 285.
281
Calculate the remainder when 34963 is divided by 6691.
1508
What is the remainder when 669501 is divided by 223161?
18
What is the remainder when 2276204 is divided by 44?
40
What is the remainder when 253335 is divided by 2436?
2427
What is the remainder when 30471464 is divided by 2343953?
75
What is the remainder when 194566 is divided by 24295?
206
What is the remainder when 1433198 is divided by 400?
398
Calculate the remainder when 85339774 is divided by 804.
802
Calculate the remainder when 892916 is divided by 529.
493
Calculate the remainder when 10344337 is divided by 9.
7
Calculate the remainder when 160196 is divided by 499.
17
What is the remainder when 7960143 is divided by 1990033?
11
Calculate the remainder when 1596416 is divided by 798206.
4
Calculate the remainder when 5316998 is divided by 52.
50
What is the remainder when 12084562 is divided by 1146?
1138
Calculate the remainder when 912146 is divided by 30.
26
Calculate the remainder when 525242 is